) = -7*l(d) + 3*z(d). Let r be m(3). Calculate a(r).
4
Let v be 3 + (-130)/16 - 2/(-16). Let m(z) = 17*z - 5. Determine m(v).
-90
Let b(k) = -k**2 + k + 10. Let t(q) = -q + 3. Let y(d) = -b(d) + 6*t(d). Give y(7).
8
Let d(c) = -c**2 + 4*c. Let h(a) = -2*a**2 + 9*a. Let s(k) = -9*d(k) + 4*h(k). Let t be 1/(6/1 + 11/(-2)). Give s(t).
4
Let j(v) = v**3 - 4*v**2 - 9*v + 5. Let s = 8754 + -8750. Calculate j(s).
-31
Suppose 2*q - 2*j + 7 = -1, 2*j + 55 = -5*q. Suppose 2*r = -2*g + 113 + 3, 4*g + 128 = 2*r. Let h(b) = 2*b**2 - 11*b**2 + r - 69 - b**3. Calculate h(q).
-9
Let p(m) = -m**2 - 15*m - 51. Let u be 4/7*3220/(-184). Calculate p(u).
-1
Let m(f) = -f**2 + 9*f - 11. Let w = -222 - -485. Let b = 271 - w. Calculate m(b).
-3
Let m(f) = -2*f**2 + 217*f + 671. Let q be m(-3). Let s(a) be the second derivative of 1/4*a**4 - 2*a + a**q + 2/3*a**3 - 1/20*a**5 + 0. Calculate s(4).
2
Let d(t) = 17*t - 12. Suppose 213*a - 155 - 58 = 0. Determine d(a).
5
Suppose -2025 = 25*u - 1650. Let k(r) = 40*r + 595. Calculate k(u).
-5
Let d = -79 + 83. Suppose -16*r + 14*r = -d. Let m(l) = -14*l + 3 - 69*l**2 + 12*l + 65*l**r. Calculate m(-3).
-27
Let i(g) = -14*g**2 - 10*g + 5. Suppose 4*r - 2 = -3*j, r - j - 4 = -0*r. Let p(x) = 9*x**2 + 10*x - 4. Let c(v) = r*i(v) + 3*p(v). Determine c(10).
-2
Let i(c) be the third derivative of c**6/120 - 3*c**5/20 - 7*c**4/24 - 5*c**3/3 + 9373*c**2. Give i(10).
20
Let q(b) = -5*b - 11*b + 32*b - 8*b - 21 + 66. Determine q(-8).
-19
Let r(l) be the third derivative of 7*l**4/3 + l**3 + 2*l**2. Let y = 162 + -151. Let h(x) = 11*x + 1. Let d(u) = y*h(u) - 2*r(u). What is d(1)?
8
Let f(n) = -7*n**2 - 44*n. Suppose 12*k + 11*k = -213 + 75. What is f(k)?
12
Let b(k) = -11*k - 4*k - 5*k + 38*k + 31 - 15*k. Calculate b(-6).
13
Let n = 929 - 735. Let h = -198 + n. Let s(b) = -8*b + 1. Calculate s(h).
33
Let m(z) be the third derivative of 0*z - 7/24*z**4 + 4/3*z**3 + 1/60*z**5 - 10 - z**2. Calculate m(6).
2
Let n = -464 - -282. Let m = n - -174. Let i(f) = -f**3 - 8*f**2 + f + 3. What is i(m)?
-5
Suppose 0 = 5*i - 33 + 13. Let j(f) = f**3 + 4*f**2 - 9*f - 36. Let g(m) = -4*m**3 - 11*m**2 + 28*m + 128. Let x(l) = 2*g(l) + 7*j(l). Determine x(i).
8
Let b(a) = -a - 12. Suppose -2*v + 5*j + 41 = 96, 2*v + 62 = -2*j. What is b(v)?
18
Let r(q) = -26*q - 42. Let c(t) = -36*t - 43. Let y(m) = 3*c(m) - 4*r(m). Give y(12).
-9
Suppose 0 = 6*r - 3 - 3. Suppose a - 3 = -r. Let b(q) = 8 - 3*q + 2*q**a + 10*q - q - 3*q**2. Give b(6).
8
Let t(j) = j**2 - 5*j - 2. Let o(s) = -4*s - 47. Let d be o(-13). Suppose 6*k + 2 = 5*k - 5*r, -4*k - d*r = -22. Calculate t(k).
22
Let h be ((-2)/3)/(-5*(-6)/135). Let b be 0 + h/4 - (-1416)/96. Suppose 0 = -5*y + b + 1. Let l(k) = -k**3 + 3*k**2 + 3*k - 4. Give l(y).
5
Suppose -44*i - 86 + 438 = 0. Let f(o) = -4*o**3 - 4*o**2 + 2*o + 5. Let v(q) = -5*q**3 - 3*q**2 + q + 5. Let k(d) = -6*f(d) + 5*v(d). Determine k(i).
3
Suppose 3*y = 2*l + 4, 2*y - 5*l = -0 - 1. Suppose -4*f - z = -5, -3*f - 2*f = y*z - 10. Let v(d) = 6 + 0*d**3 - 2*d**3 + 3*d**3 - 1. Calculate v(f).
5
Let a(s) = -2 - 16*s + 24*s - 6 + 0 - 9*s. Determine a(-3).
-5
Let t = -159 - -236. Suppose -t*b = -82*b - 5. Let k(y) = -5*y + 1. Let f(o) = -21*o + 4. Let s(v) = 2*f(v) - 9*k(v). Give s(b).
-4
Let n(j) = 2*j + 3. Let f(y) = 1 + y + 5 - 5. Let w be 6/(-2) + 56/(-8) + 5. Let c(a) = w*f(a) + 3*n(a). Give c(-6).
-2
Let p(n) = -n**3 - 30*n**2 + 6*n + 168. Let t(l) = -2*l**2 - 216*l + 1338. Let w be t(6). Give p(w).
-12
Let t = -3146 + 3152. Let j(c) = c**3 - 7*c**2 + 9*c - 8. Calculate j(t).
10
Let n(d) = -d + 61. Let m be (-290)/(-348) - 35/42. What is n(m)?
61
Let g(b) = b**3 + 4*b**2 - 6*b + 5. Let k = 7 + 36. Let c be 434/9 - (-34)/(-153). Let m = k - c. Give g(m).
10
Let g(u) be the third derivative of -5*u**4/8 - 7*u**3/6 + 1570*u**2. Give g(-2).
23
Let q(c) = 18 - c**2 - 7*c + 40 + 16*c. Determine q(-5).
-12
Let x = 24 + -20. Suppose 2*q + 0*c - 4*c = -10, -2*c + x = 0. Let m = q + 7. Let a(w) = 3*w - 6. Give a(m).
12
Suppose -11*b + 20 = -7*b. Let w(q) = 45 + b*q + 58 - q - 121. What is w(6)?
6
Let s(n) be the first derivative of 3*n**2 - 44*n + 1679. What is s(6)?
-8
Let z(a) = -9*a**3 + 3*a**2 - 3*a + 1. Let k be z(1). Let y be (k/5)/(15/(75/(-2))). Let m(v) = -3*v**2 - 3*v + 4*v**2 - 4 + v. Determine m(y).
4
Let q(b) be the first derivative of -2*b**3/3 + 41*b**2/2 + 47*b + 6732. Determine q(20).
67
Let p(x) = 2*x**2 + 71*x - 37. Let u be p(-36). Let n(l) = l + 1. What is n(u)?
0
Let j(v) be the first derivative of -9*v**4/2 - v**3/3 - 1188. What is j(-1)?
17
Let j(v) = -v - 55 - 52 - 47 + 153. Let b = -12 + 12. Suppose 0 = -4*c - n + 2*n - 30, b = 2*c - 2*n + 18. Calculate j(c).
6
Suppose 0 = w - 4*w + 237. Let c = -70 + w. Let f(q) = 9*q**2 + 69*q + c - 32*q - 28*q - q**3. What is f(10)?
-1
Let t(v) = -3*v - 2. Let o(i) = 2*i**3 + 7*i**2 - 16*i + 3. Let h(p) = -o(p) + 8*t(p). What is h(-3)?
-4
Suppose -19*u + 155 = 79. Let b(j) = 11*j**2 - 1. Let v be b(-1). Suppose 2*s = u*s - v. Let h(r) = -r**3 + 5*r**2 + 5*r - 6. Calculate h(s).
19
Suppose 0 = -4*j - 53*h + 48*h + 17, -h + 9 = -2*j. Let n(t) = 67*t + 141. Calculate n(j).
7
Let h(u) be the first derivative of 3*u**2 - 2. Let i = -23724 + 23726. Calculate h(i).
12
Let x(o) = 3*o + 1. Let z(g) = -g**3 - 22*g**2 + 24*g + 28. Let v be z(-23). Suppose -j - v*f + 2 = 14, 2 = -2*f. Calculate x(j).
-20
Let u(h) = -h + 12. Suppose -618 = 12*q - 798. What is u(q)?
-3
Let p(x) = -x**3 - 5208 + 1771 + 0*x**3 - 10*x**2 + 1751 + 1739. What is p(-9)?
-28
Let r(t) be the third derivative of -t**5/60 + 23*t**4/24 + 38*t**3/3 - 33*t**2 + 4*t + 2. Calculate r(26).
-2
Let t(s) = 18*s + 1. Let i = 210 + -222. Let q be 16/i + (-9)/(-27). Give t(q).
-17
Let v(x) = x**2 + 15*x + 30. Suppose 0 = 4*b - 4*z + 96, 4*b + 2*z + 235 = 187. Give v(b).
46
Let i(f) = -f**2 - 6*f + 5. Let j(a) = a**2 + 16*a - 14. Let y be j(-17). Suppose -20 = 5*q - 2*k, 3 = 2*q - y*k - 0. Calculate i(q).
5
Let k(p) = -14*p**2 - 1. Let b be 187845/225 + 2/15. Suppose -840*i = -b*i - 5. Calculate k(i).
-15
Let d(j) = -j**2 - 2*j + 51. Let f = 27930 - 27939. Determine d(f).
-12
Let c(l) = l**2. Let z(g) = 28*g**2 - 13*g - 9. Let x(w) = 3*c(w) - z(w). Let d(y) = -6*y**2 + 3*y + 2. Let n(i) = 9*d(i) - 2*x(i). Determine n(-1).
-5
Let q(f) be the third derivative of -f**5/60 - 7*f**4/24 - 5*f**3/6 - 178*f**2 + f. Suppose -7*h = 2*h - 45. Let v be (-2 + 2/2)/(1/h). What is q(v)?
5
Let k(y) = 36*y + 108. Let s be k(-3). Suppose s = -r + 32 - 34. Let v(g) = 3*g**2 + 4*g + 2. What is v(r)?
6
Let s(j) = -j**3 - 7*j**2 - 8*j + 4. Let h(o) = o**2 + 3*o - 14. Suppose 6*t + 77 = 47. Let i be h(t). Determine s(i).
-12
Let t be 1 + 9 + -1 + 0. Let p(j) = -2*j**2 - 6*j + 2. Let h be p(-3). Let a(s) = -3*s + 19. Let m(q) = q + 1. Let w(i) = h*m(i) + a(i). Calculate w(t).
12
Let g(q) = -3*q**2 + q + 6. Suppose 14*j + 4819 - 4749 = 0. Give g(j).
-74
Let l(y) = 2*y + 29. Let o(r) = 4*r + 76. Let i(x) = -2*l(x) + 2*o(x). Determine i(-24).
-2
Suppose 0 = 116*o + 118 - 2. Let l(y) be the second derivative of y**6/60 - y**3/2 - 3*y. Let g(n) be the second derivative of l(n). Give g(o).
6
Let g(v) = 3*v - 6. Let y(c) = -c + 1. Let x(t) = g(t) + 5*y(t). Let f be 6/(-30) + -2 + 144/20. Suppose 3*n + 24*p = 28*p - 5, -2*p = n + f. Calculate x(n).
5
Let r(p) = 29*p**3 + 7*p**2 + p + 6. Let u(j) = -6*j**3 - j - 2. Let x(q) = r(q) + 5*u(q). Determine x(6).
8
Let r(s) = -11*s + 3. Suppose 6*i + 2*j + 12 = 20, 0 = 5*i + j - 4. Determine r(i).
3
Let l(i) be the first derivative of i**2 + 3*i - 1. Let k(h) = -h**3 - h**2 - 2*h - 3. Let f = 19 - 19. Let o be k(f). Give l(o).
-3
Let o(u) = u + 2. Let a(v) = v + 2. Let t be a(-5). Let i = -9092 + 9064. Let l be (92/i - t) + (-94)/14. Determine o(l).
-5
Let h(m) be the third derivative of m**5/30 - 7*m**4/12 + 5*m**3/6 + m**2. Suppose 0 = -4*q + 2*g + 28, q - 62*g - 8 = -61*g. Give h(q).
-7
Let r(i) = -i**3 + 6*i**2 + 34*i - 197. Let m be r(5). Let g(b) = 10*b - 2. Calculate g(m).
-22
Let w(l) = -1. Let h(a) = a + 3. Suppose 4*i = -3*c - 1, -5*c + 2*c = -i - 4. Let g(r) = c*h(r) + 3*w(r). What is g(0)?
0
Let k(v) = -2*v**3 - 2*v**2 + 3*v + 2. Let p be k(0). Let t(m) = 3434 - 3435 + 0*m - 14*m**p + 2*m. Give t(1).
-13
Let b(h) = h